 is the remainder when 3878117 is divided by 7142?
11
Calculate the remainder when 202326269 is divided by 16.
13
What is the remainder when 3340282 is divided by 1334?
1280
Calculate the remainder when 39955382 is divided by 95.
92
What is the remainder when 22889877 is divided by 11444908?
61
Calculate the remainder when 252322198 is divided by 4587676.
18
Calculate the remainder when 479650 is divided by 94837.
5465
Calculate the remainder when 48984244 is divided by 1139168.
20
What is the remainder when 156272411 is divided by 85?
81
What is the remainder when 149183189 is divided by 261?
26
Calculate the remainder when 88631 is divided by 2774.
2637
Calculate the remainder when 51650 is divided by 1107.
728
Calculate the remainder when 518954 is divided by 129280.
1834
What is the remainder when 8200539 is divided by 2733507?
18
Calculate the remainder when 3641082 is divided by 113.
109
What is the remainder when 189143 is divided by 4891?
3285
Calculate the remainder when 645495 is divided by 80.
55
What is the remainder when 853714 is divided by 620?
594
Calculate the remainder when 798360 is divided by 57019.
94
What is the remainder when 2822741 is divided by 2044?
2021
Calculate the remainder when 34439201 is divided by 5859.
5858
Calculate the remainder when 2326336 is divided by 145393.
48
What is the remainder when 79021694 is divided by 16?
14
What is the remainder when 17906018 is divided by 8953003?
12
Calculate the remainder when 3314278 is divided by 274.
248
Calculate the remainder when 1484078 is divided by 223.
13
What is the remainder when 147563557 is divided by 38?
19
What is the remainder when 2187603 is divided by 1715?
978
Calculate the remainder when 39469 is divided by 1504.
365
What is the remainder when 720571 is divided by 625?
571
Calculate the remainder when 1550619 is divided by 1550619.
0
What is the remainder when 9429335 is divided by 39786?
53
What is the remainder when 797040004 is divided by 652?
648
What is the remainder when 69048 is divided by 1339?
759
What is the remainder when 9976878 is divided by 4881?
114
Calculate the remainder when 1056140 is divided by 36418.
18
What is the remainder when 56755 is divided by 11032?
1595
Calculate the remainder when 11643080 is divided by 130.
20
What is the remainder when 218767 is divided by 182?
3
Calculate the remainder when 1169636 is divided by 794.
74
What is the remainder when 16319 is divided by 326?
19
What is the remainder when 857293 is divided by 88?
85
What is the remainder when 4536330 is divided by 378025?
30
Calculate the remainder when 254405 is divided by 125108.
4189
What is the remainder when 994778271 is divided by 14?
11
Calculate the remainder when 7490877 is divided by 57.
51
Calculate the remainder when 2506 is divided by 233.
176
Calculate the remainder when 46772 is divided by 278.
68
What is the remainder when 4245201 is divided by 11?
4
Calculate the remainder when 37391711 is divided by 78.
71
Calculate the remainder when 653992 is divided by 72617.
439
Calculate the remainder when 21212786 is divided by 2651597.
10
What is the remainder when 1750911 is divided by 36?
15
Calculate the remainder when 8029079 is divided by 802907.
9
What is the remainder when 9471393 is divided by 31?
25
What is the remainder when 10988445 is divided by 51?
36
What is the remainder when 30706 is divided by 9086?
3448
What is the remainder when 85899 is divided by 36?
3
What is the remainder when 53537626 is divided by 8347?
8315
What is the remainder when 1275045 is divided by 485?
465
What is the remainder when 9015679 is divided by 131?
128
Calculate the remainder when 47620488 is divided by 91.
6
What is the remainder when 142032 is divided by 2961?
2865
What is the remainder when 3191431 is divided by 582?
325
Calculate the remainder when 69034 is divided by 398.
180
What is the remainder when 1364354 is divided by 2644?
50
What is the remainder when 55990750 is divided by 18663581?
7
What is the remainder when 46136 is divided by 5761?
48
What is the remainder when 916467499 is divided by 12247?
12242
Calculate the remainder when 69818 is divided by 21062.
6632
Calculate the remainder when 3923025 is divided by 1333.
6
What is the remainder when 63493 is divided by 349?
324
Calculate the remainder when 389089 is divided by 3238.
529
What is the remainder when 21266 is divided by 10543?
180
What is the remainder when 1600826 is divided by 800164?
498
Calculate the remainder when 1938141 is divided by 346.
195
Calculate the remainder when 94561763 is divided by 60.
23
What is the remainder when 4523357 is divided by 18311?
540
What is the remainder when 254158 is divided by 1096?
982
What is the remainder when 1405247 is divided by 599?
592
What is the remainder when 57451 is divided by 28713?
25
What is the remainder when 15318819 is divided by 389?
388
Calculate the remainder when 3550309 is divided by 8433.
16
What is the remainder when 76720 is divided by 1273?
340
What is the remainder when 64038812 is divided by 7382?
7344
What is the remainder when 2178030 is divided by 414?
390
Calculate the remainder when 9546 is divided by 1183.
82
Calculate the remainder when 550240 is divided by 553.
5
Calculate the remainder when 24972 is divided by 8234.
270
Calculate the remainder when 20410998 is divided by 5281.
5214
What is the remainder when 179796 is divided by 179763?
33
What is the remainder when 200355 is divided by 3997?
505
Calculate the remainder when 195361 is divided by 21480.
2041
Calculate the remainder when 1390307 is divided by 12.
11
What is the remainder when 32121863 is divided by 232767?
17
What is the remainder when 1523 is divided by 1507?
16
What is the remainder when 41273138 is divided by 50?
38
Calculate the remainder when 1421307 is divided by 238.
209
What is the remainder when 9966628 is divided by 52?
48
What is the remainder when 10181291 is divided by 170?
161
Calculate the remainder when 617906 is divided by 1931.
1917
Calculate the remainder when 1659588 is divided by 1673.
1645
Calculate the remainder when 18385134 is divided by 335.
334
What is the remainder when 4678847 is divided by 359900?
147
What is the remainder when 14470 is divided by 5754?
2962
Calculate the remainder when 2376209 is divided by 483.
332
Calculate the remainder when 724005 is divided by 582.
579
Calculate the remainder when 180354898 is divided by 1353.
1351
Calculate the remainder when 10386092 is divided by 1385.
1362
Calculate the remainder when 11546009 is divided by 135.
134
Calculate the remainder when 88736032 is divided by 105.
7
What is the remainder when 920108 is divided by 245?
133
What is the remainder when 80749090 is divided by 5402?
5396
What is the remainder when 2955972 is divided by 339?
231
Calculate the remainder when 231616 is divided by 1565.
1561
What is the remainder when 1581722 is divided by 1064?
618
Calculate the remainder when 433658876 is divided by 3.
2
What is the remainder when 1973592 is divided by 2225?
17
Calculate the remainder when 756206 is divided by 8402.
26
What is the remainder when 35788 is divided by 5779?
1114
Calculate the remainder when 6859275 is divided by 3429560.
155
What is the remainder when 13873 is divided by 1734?
1
What is the remainder when 32125472 is divided by 159?
158
Calculate the remainder when 123538 is divided by 9.
4
Calculate the remainder when 1732535 is divided by 652.
171
What is the remainder when 11301176 is divided by 7?
5
Calculate the remainder when 95054 is divided by 94992.
62
Calculate the remainder when 235595 is divided by 77988.
1631
Calculate the remainder when 3027560 is divided by 4301.
3957
What is the remainder when 735780 is divided by 735765?
15
Calculate the remainder when 8214068 is divided by 16461.
29
Calculate the remainder when 86325 is divided by 28770.
15
What is the remainder when 376334 is divided by 75250?
84
Calculate the remainder when 36250 is divided by 352.
346
What is the remainder when 1528347 is divided by 142?
1
Calculate the remainder when 42711 is divided by 2670.
2661
What is the remainder when 62538639 is divided by 6?
3
What is the remainder when 195390 is divided by 4765?
25
Calculate the remainder when 217585 is 